{"id":3423,"date":"2026-02-27T17:18:33","date_gmt":"2026-02-27T22:18:33","guid":{"rendered":"https:\/\/charlesetienneferland.com\/?page_id=3423"},"modified":"2026-03-18T12:01:52","modified_gmt":"2026-03-18T16:01:52","slug":"mission","status":"publish","type":"page","link":"https:\/\/charlesetienneferland.com\/index.php\/mission\/","title":{"rendered":"Mission"},"content":{"rendered":"\n<div class=\"wp-block-columns is-layout-flex wp-container-core-columns-is-layout-9d6595d7 wp-block-columns-is-layout-flex\">\n<div class=\"wp-block-column is-layout-flow wp-block-column-is-layout-flow\"><\/div>\n\n\n\n<div class=\"wp-block-column is-layout-flow wp-block-column-is-layout-flow\">\n<p class=\"has-text-align-center\" style=\"font-size:20px\">Cr\u00e9er des fables contemporaines porteuses de sens tout en g\u00e9n\u00e9rant des retomb\u00e9es concr\u00e8tes pour la conservation de la biodiversit\u00e9 et la justice sociale.<\/p>\n<\/div>\n\n\n\n<div class=\"wp-block-column is-layout-flow wp-block-column-is-layout-flow\"><\/div>\n<\/div>\n\n\n\n<div style=\"height:50px\" aria-hidden=\"true\" class=\"wp-block-spacer\"><\/div>\n\n\n\n<p class=\"has-text-align-center has-large-font-size\"><strong>600$<\/strong><\/p>\n\n\n\n<p class=\"has-text-align-center\" style=\"font-size:20px\">vers\u00e9s \u00e0 des organismes<br>de justice sociale et environnementale<br>depuis 2024<\/p>\n\n\n\n<div style=\"height:50px\" aria-hidden=\"true\" class=\"wp-block-spacer\"><\/div>\n\n\n\n<div class=\"wp-block-columns is-layout-flex wp-container-core-columns-is-layout-9d6595d7 wp-block-columns-is-layout-flex\">\n<div class=\"wp-block-column is-layout-flow wp-block-column-is-layout-flow\"><div class=\"wp-block-image\">\n<figure class=\"aligncenter size-full is-resized\"><img data-recalc-dims=\"1\" loading=\"lazy\" decoding=\"async\" width=\"512\" height=\"187\" src=\"https:\/\/i0.wp.com\/charlesetienneferland.com\/wp-content\/uploads\/2026\/03\/David_Suzuki_Foundation_logo.png?resize=512%2C187&#038;ssl=1\" alt=\"\" class=\"wp-image-3683\" style=\"aspect-ratio:2.7381324172392256;width:189px;height:auto\" srcset=\"https:\/\/i0.wp.com\/charlesetienneferland.com\/wp-content\/uploads\/2026\/03\/David_Suzuki_Foundation_logo.png?w=512&amp;ssl=1 512w, https:\/\/i0.wp.com\/charlesetienneferland.com\/wp-content\/uploads\/2026\/03\/David_Suzuki_Foundation_logo.png?resize=300%2C110&amp;ssl=1 300w\" sizes=\"auto, (max-width: 512px) 100vw, 512px\" \/><\/figure>\n<\/div><\/div>\n\n\n\n<div class=\"wp-block-column is-layout-flow wp-block-column-is-layout-flow\"><div class=\"wp-block-image\">\n<figure class=\"aligncenter size-large is-resized\"><img data-recalc-dims=\"1\" loading=\"lazy\" decoding=\"async\" width=\"1024\" height=\"932\" src=\"https:\/\/i0.wp.com\/charlesetienneferland.com\/wp-content\/uploads\/2026\/03\/Ducks_Unlimited_Canada_logo.svg_.png?resize=1024%2C932&#038;ssl=1\" alt=\"\" class=\"wp-image-3686\" style=\"aspect-ratio:1.0987468671679197;width:124px;height:auto\" srcset=\"https:\/\/i0.wp.com\/charlesetienneferland.com\/wp-content\/uploads\/2026\/03\/Ducks_Unlimited_Canada_logo.svg_.png?resize=1024%2C932&amp;ssl=1 1024w, https:\/\/i0.wp.com\/charlesetienneferland.com\/wp-content\/uploads\/2026\/03\/Ducks_Unlimited_Canada_logo.svg_.png?resize=300%2C273&amp;ssl=1 300w, https:\/\/i0.wp.com\/charlesetienneferland.com\/wp-content\/uploads\/2026\/03\/Ducks_Unlimited_Canada_logo.svg_.png?resize=768%2C699&amp;ssl=1 768w, https:\/\/i0.wp.com\/charlesetienneferland.com\/wp-content\/uploads\/2026\/03\/Ducks_Unlimited_Canada_logo.svg_.png?w=1280&amp;ssl=1 1280w\" sizes=\"auto, (max-width: 1024px) 100vw, 1024px\" \/><\/figure>\n<\/div><\/div>\n\n\n\n<div class=\"wp-block-column is-layout-flow wp-block-column-is-layout-flow\"><div class=\"wp-block-image\">\n<figure class=\"aligncenter size-full is-resized\"><img data-recalc-dims=\"1\" loading=\"lazy\" decoding=\"async\" width=\"1024\" height=\"404\" src=\"https:\/\/i0.wp.com\/charlesetienneferland.com\/wp-content\/uploads\/2026\/03\/NCC.webp?resize=1024%2C404&#038;ssl=1\" alt=\"\" class=\"wp-image-3688\" style=\"aspect-ratio:2.5346921075455335;width:188px;height:auto\" srcset=\"https:\/\/i0.wp.com\/charlesetienneferland.com\/wp-content\/uploads\/2026\/03\/NCC.webp?w=1024&amp;ssl=1 1024w, https:\/\/i0.wp.com\/charlesetienneferland.com\/wp-content\/uploads\/2026\/03\/NCC.webp?resize=300%2C118&amp;ssl=1 300w, https:\/\/i0.wp.com\/charlesetienneferland.com\/wp-content\/uploads\/2026\/03\/NCC.webp?resize=768%2C303&amp;ssl=1 768w\" sizes=\"auto, (max-width: 1024px) 100vw, 1024px\" \/><\/figure>\n<\/div><\/div>\n<\/div>\n\n\n\n<div style=\"height:50px\" aria-hidden=\"true\" class=\"wp-block-spacer\"><\/div>\n\n\n\n<div class=\"wp-block-columns is-layout-flex wp-container-core-columns-is-layout-9d6595d7 wp-block-columns-is-layout-flex\">\n<div class=\"wp-block-column is-layout-flow wp-block-column-is-layout-flow\"><div class=\"wp-block-image\">\n<figure class=\"aligncenter size-large is-resized\"><img data-recalc-dims=\"1\" loading=\"lazy\" decoding=\"async\" width=\"1024\" height=\"434\" src=\"https:\/\/i0.wp.com\/charlesetienneferland.com\/wp-content\/uploads\/2026\/03\/Amnesty_International_logo.svg_.png?resize=1024%2C434&#038;ssl=1\" alt=\"\" class=\"wp-image-3690\" style=\"aspect-ratio:2.3597093257973354;width:189px;height:auto\" srcset=\"https:\/\/i0.wp.com\/charlesetienneferland.com\/wp-content\/uploads\/2026\/03\/Amnesty_International_logo.svg_.png?resize=1024%2C434&amp;ssl=1 1024w, https:\/\/i0.wp.com\/charlesetienneferland.com\/wp-content\/uploads\/2026\/03\/Amnesty_International_logo.svg_.png?resize=300%2C127&amp;ssl=1 300w, https:\/\/i0.wp.com\/charlesetienneferland.com\/wp-content\/uploads\/2026\/03\/Amnesty_International_logo.svg_.png?resize=768%2C326&amp;ssl=1 768w, https:\/\/i0.wp.com\/charlesetienneferland.com\/wp-content\/uploads\/2026\/03\/Amnesty_International_logo.svg_.png?w=1280&amp;ssl=1 1280w\" sizes=\"auto, (max-width: 1024px) 100vw, 1024px\" \/><\/figure>\n<\/div><\/div>\n\n\n\n<div class=\"wp-block-column is-layout-flow wp-block-column-is-layout-flow\"><div class=\"wp-block-image\">\n<figure class=\"aligncenter size-full is-resized\"><img data-recalc-dims=\"1\" loading=\"lazy\" decoding=\"async\" width=\"792\" height=\"612\" src=\"https:\/\/i0.wp.com\/charlesetienneferland.com\/wp-content\/uploads\/2026\/03\/SOS_violence_conjugale_Verticale_Noir_HD.png?resize=792%2C612&#038;ssl=1\" alt=\"\" class=\"wp-image-3692\" style=\"aspect-ratio:1.294169741697417;width:150px;height:auto\" srcset=\"https:\/\/i0.wp.com\/charlesetienneferland.com\/wp-content\/uploads\/2026\/03\/SOS_violence_conjugale_Verticale_Noir_HD.png?w=792&amp;ssl=1 792w, https:\/\/i0.wp.com\/charlesetienneferland.com\/wp-content\/uploads\/2026\/03\/SOS_violence_conjugale_Verticale_Noir_HD.png?resize=300%2C232&amp;ssl=1 300w, https:\/\/i0.wp.com\/charlesetienneferland.com\/wp-content\/uploads\/2026\/03\/SOS_violence_conjugale_Verticale_Noir_HD.png?resize=768%2C593&amp;ssl=1 768w\" sizes=\"auto, (max-width: 792px) 100vw, 792px\" \/><\/figure>\n<\/div><\/div>\n\n\n\n<div class=\"wp-block-column is-layout-flow wp-block-column-is-layout-flow\"><div class=\"wp-block-image\">\n<figure class=\"aligncenter size-full is-resized\"><img data-recalc-dims=\"1\" loading=\"lazy\" decoding=\"async\" width=\"400\" height=\"181\" src=\"https:\/\/i0.wp.com\/charlesetienneferland.com\/wp-content\/uploads\/2026\/03\/pivot.png?resize=400%2C181&#038;ssl=1\" alt=\"\" class=\"wp-image-3694\" style=\"aspect-ratio:2.210108394252584;width:164px;height:auto\" srcset=\"https:\/\/i0.wp.com\/charlesetienneferland.com\/wp-content\/uploads\/2026\/03\/pivot.png?w=400&amp;ssl=1 400w, https:\/\/i0.wp.com\/charlesetienneferland.com\/wp-content\/uploads\/2026\/03\/pivot.png?resize=300%2C136&amp;ssl=1 300w\" sizes=\"auto, (max-width: 400px) 100vw, 400px\" \/><\/figure>\n<\/div><\/div>\n<\/div>\n\n\n\n<div style=\"height:50px\" aria-hidden=\"true\" class=\"wp-block-spacer\"><\/div>\n\n\n\n<div class=\"wp-block-columns is-layout-flex wp-container-core-columns-is-layout-9d6595d7 wp-block-columns-is-layout-flex\">\n<div class=\"wp-block-column is-layout-flow wp-block-column-is-layout-flow\"><div class=\"wp-block-image\">\n<figure class=\"aligncenter size-full is-resized\"><img data-recalc-dims=\"1\" loading=\"lazy\" decoding=\"async\" width=\"303\" height=\"166\" src=\"https:\/\/i0.wp.com\/charlesetienneferland.com\/wp-content\/uploads\/2026\/03\/SEQ.png?resize=303%2C166&#038;ssl=1\" alt=\"\" class=\"wp-image-3696\" style=\"aspect-ratio:1.8253788948507954;width:179px;height:auto\" srcset=\"https:\/\/i0.wp.com\/charlesetienneferland.com\/wp-content\/uploads\/2026\/03\/SEQ.png?w=303&amp;ssl=1 303w, https:\/\/i0.wp.com\/charlesetienneferland.com\/wp-content\/uploads\/2026\/03\/SEQ.png?resize=300%2C164&amp;ssl=1 300w\" sizes=\"auto, (max-width: 303px) 100vw, 303px\" \/><\/figure>\n<\/div><\/div>\n\n\n\n<div class=\"wp-block-column is-layout-flow wp-block-column-is-layout-flow\"><div class=\"wp-block-image\">\n<figure class=\"aligncenter size-large is-resized\"><img data-recalc-dims=\"1\" loading=\"lazy\" decoding=\"async\" width=\"1024\" height=\"648\" src=\"https:\/\/i0.wp.com\/charlesetienneferland.com\/wp-content\/uploads\/2026\/03\/LFCDG-logo2013.jpg?resize=1024%2C648&#038;ssl=1\" alt=\"\" class=\"wp-image-3698\" style=\"aspect-ratio:1.5803173471206988;width:147px;height:auto\" srcset=\"https:\/\/i0.wp.com\/charlesetienneferland.com\/wp-content\/uploads\/2026\/03\/LFCDG-logo2013.jpg?resize=1024%2C648&amp;ssl=1 1024w, https:\/\/i0.wp.com\/charlesetienneferland.com\/wp-content\/uploads\/2026\/03\/LFCDG-logo2013.jpg?resize=300%2C190&amp;ssl=1 300w, https:\/\/i0.wp.com\/charlesetienneferland.com\/wp-content\/uploads\/2026\/03\/LFCDG-logo2013.jpg?resize=768%2C486&amp;ssl=1 768w, https:\/\/i0.wp.com\/charlesetienneferland.com\/wp-content\/uploads\/2026\/03\/LFCDG-logo2013.jpg?w=1287&amp;ssl=1 1287w\" sizes=\"auto, (max-width: 1024px) 100vw, 1024px\" \/><\/figure>\n<\/div><\/div>\n<\/div>\n\n\n\n<p class=\"has-text-align-center\"><\/p>\n\n\n\n<p><\/p>\n","protected":false},"excerpt":{"rendered":"<p>Cr\u00e9er des fables contemporaines porteuses de sens tout en g\u00e9n\u00e9rant des retomb\u00e9es concr\u00e8tes pour la conservation de la biodiversit\u00e9 et la justice sociale. 600$ vers\u00e9s \u00e0 des organismesde justice sociale et environnementaledepuis 2024<\/p>\n","protected":false},"author":2,"featured_media":0,"parent":0,"menu_order":13,"comment_status":"closed","ping_status":"closed","template":"","meta":{"footnotes":""},"class_list":["post-3423","page","type-page","status-publish","hentry"],"jetpack_sharing_enabled":true,"_links":{"self":[{"href":"https:\/\/charlesetienneferland.com\/index.php\/wp-json\/wp\/v2\/pages\/3423","targetHints":{"allow":["GET"]}}],"collection":[{"href":"https:\/\/charlesetienneferland.com\/index.php\/wp-json\/wp\/v2\/pages"}],"about":[{"href":"https:\/\/charlesetienneferland.com\/index.php\/wp-json\/wp\/v2\/types\/page"}],"author":[{"embeddable":true,"href":"https:\/\/charlesetienneferland.com\/index.php\/wp-json\/wp\/v2\/users\/2"}],"replies":[{"embeddable":true,"href":"https:\/\/charlesetienneferland.com\/index.php\/wp-json\/wp\/v2\/comments?post=3423"}],"version-history":[{"count":15,"href":"https:\/\/charlesetienneferland.com\/index.php\/wp-json\/wp\/v2\/pages\/3423\/revisions"}],"predecessor-version":[{"id":3892,"href":"https:\/\/charlesetienneferland.com\/index.php\/wp-json\/wp\/v2\/pages\/3423\/revisions\/3892"}],"wp:attachment":[{"href":"https:\/\/charlesetienneferland.com\/index.php\/wp-json\/wp\/v2\/media?parent=3423"}],"curies":[{"name":"wp","href":"https:\/\/api.w.org\/{rel}","templated":true}]}}